uppose 13*f = -21305 - 7971. Let r = 6291 - f. Is r composite?
False
Is (-8)/14*85035545/(-380) a prime number?
True
Let j(t) = -8*t**2 + 3*t**2 - 2 + t**3 + 1 + t. Let a be j(5). Suppose -5*f = -a*s - 6591, 3*s - 6600 = -5*f - 2*s. Is f prime?
True
Suppose 0 = -5*t - 233*x + 232*x + 164460, -164445 = -5*t + 2*x. Is t composite?
True
Is 2/(4/458270) - -4 a composite number?
False
Is ((-195)/(-25))/13 + (-1998524)/(-10) composite?
False
Let y be 14 + (-8)/(56/35). Let z(s) = s**3 - 6*s**2 + 6*s + 10. Is z(y) composite?
False
Suppose -8286284 = -43*h - 2571111. Is h a composite number?
False
Suppose 99 = 19*v - 10*v. Suppose -106209 - 35801 = v*h. Is h/4*((-24)/5 + 4) prime?
False
Suppose 0 = 3*x + 15 - 21. Suppose 2*k = 3*v - 17885, 0 = -x*v + 4*v + 3*k - 11945. Is v composite?
True
Let r = 134 + -90. Suppose 0 = 45*s - r*s + 1493. Let x = s - -2230. Is x a composite number?
True
Suppose 13*w = 8*w - 1025. Is 416478/w*(-10)/6 composite?
True
Suppose -2*t - 16*r = -18*r - 13990, -5*t + 34975 = -10*r. Is t composite?
True
Let p be (-4)/(-10) + -193*(-238)/(-10). Let t = -3010 - p. Is t a prime number?
True
Let o(p) = 54361*p - 8826. Is o(9) a prime number?
False
Suppose 5*g - 17 + 57 = 0. Is (6 + 1057/(-28))/(2/g) a composite number?
False
Let t(l) = -64*l**3 - 29*l**2 - 14*l + 6. Is t(-25) a composite number?
False
Suppose 85*p - 94*p + 180 = 0. Suppose 3*r = -p*r + 106881. Is r composite?
True
Let g = 357888 - 253645. Is g prime?
True
Let s(o) = o**3 + 21*o**2 - 4*o + 39. Suppose -2*j - 3 = 11. Is s(j) a prime number?
False
Suppose -190442 = 52*t + 90202. Let a = t - -16616. Is a prime?
False
Suppose -5*c - 164 = -2*x, 2*c - 4*x = 1 - 57. Let n = -25 - c. Let r(o) = 127*o + 50. Is r(n) a prime number?
True
Suppose 88*h - 6740559 = 27805337. Is h composite?
True
Let x = 409 + -402. Is 8 - (22 - x) - -4041 composite?
True
Let v(c) = 16*c + 3. Let j be v(1). Suppose 18*m + 9647 = j*m. Is m a composite number?
True
Suppose 18 = -z - 5*y, -3*y = -5*z + 23 - 1. Suppose -5*b - z*q = -7797, 3*q - 4675 = -3*b + 5*q. Is b a prime number?
True
Let g(i) = -2*i**3 + 12*i**2 + 4*i + 13. Suppose -117 = 27*u + 18. Is g(u) a prime number?
False
Is 1/3*(-31 + 19) + 7833 composite?
False
Let d = -534 + 2419. Let n = d - -17272. Is n a composite number?
False
Suppose -5*w = -3*o - 450, w - 26 = -3*o + 64. Let d = 17 + -30. Let p = d + w. Is p composite?
True
Suppose -l = 2*d - 2013488, -3*d + d - 2*l + 2013482 = 0. Is d a prime number?
False
Suppose -115 = 9*h - 214. Suppose 4*a - 60 = 1228. Is (0 - h)/((-14)/a) composite?
True
Let n(m) = -621*m + 38. Let g be n(-8). Is (g/8)/(20/80) a composite number?
False
Suppose 0 = -m + 4*z - 31, 5*m + 92 = -0*z - z. Let u(y) be the third derivative of y**5/60 - y**4/3 + 26*y**3/3 + 18*y**2. Is u(m) prime?
False
Suppose -3*j + 4*v = -22, -j + 2*v - 5*v = 10. Suppose k - 1823 = 2*g - 13320, 5*g - 28741 = j*k. Is g a composite number?
True
Let j = 61 + -1494. Let w = 596 - -1450. Let o = w + j. Is o a prime number?
True
Let s(o) be the second derivative of -o**4/12 + 1439*o**2/2 - 9*o. Is s(0) a composite number?
False
Let t(b) = 6*b**2 + 5*b - 687. Let k(u) = 7*u**2 + 6*u - 686. Let g(r) = 4*k(r) - 5*t(r). Let p be (-4)/18 + 17*(-8)/(-612). Is g(p) prime?
True
Let x(k) = 8*k - 3. Let r be x(1). Suppose -r*i - i = 0. Is (-5)/(-10) - (i - (-3099)/(-6)) composite?
True
Suppose v + 4 = 6. Suppose 2*s + 2995 = 4*h - 3*h, v*s = -4*h + 11960. Suppose -o + 4*z + 148 = -h, 2*o - 6314 = -z. Is o composite?
True
Let m(j) be the first derivative of 1429*j**2/2 - 183*j + 64. Is m(10) prime?
True
Let k(b) = 73369*b + 110. Is k(3) a prime number?
True
Let n(l) be the second derivative of -1/20*l**5 - 55/2*l**2 + 24*l - 17/12*l**4 + 0 - 25/6*l**3. Is n(-16) a prime number?
True
Is (-4)/54 + 13061125/135 prime?
True
Let s(j) be the third derivative of -1211*j**4/24 + 8*j**3/3 + 65*j**2. Is s(-3) a prime number?
False
Let s(k) = 5*k - 58. Let c be s(3). Is c/(-215) - 458/(-10) prime?
False
Let s(y) = -18*y - 2786. Let l be s(14). Let w be (1/1)/((-2)/(-4)). Is -2*w + (l + 5)/(-3) a prime number?
False
Let r(q) be the second derivative of -13/20*q**5 - 13/2*q**2 + 0 - 1/12*q**4 - 7/3*q**3 - 5*q. Is r(-6) a prime number?
True
Suppose 4*y = 11*n - 13*n + 38, 13 = 4*y - 3*n. Suppose 0 = y*s - 8*s - 4*f + 4615, 0 = -4*s - 3*f + 18395. Is s a prime number?
False
Let g be 1 + -10*(-7)/14. Let v(f) = 1295*f - 101. Is v(g) a composite number?
False
Suppose 4*z + 4*o = 90056, -5*o = -3*z - 6*o + 67534. Suppose 0*a - 10*a = -z. Is a composite?
False
Let s(a) = 119694*a - 2305. Is s(5) a prime number?
False
Let c = 9 + -6. Suppose -d + 4356 = 4*z + c*d, 5*d - 4358 = -4*z. Is z prime?
True
Suppose -4*u = -3*a - 2, -5*u + 2*a + 6 = -0*u. Let t be ((-3)/(-9))/(u/12) + 7. Is (-36)/t + 3*291/3 prime?
False
Suppose 1005 = y - 4*g, -2*y + g - 6*g + 1945 = 0. Suppose 0*a - 3*a - 5*f + y = 0, 0 = -a - 4*f + 319. Is a a composite number?
True
Suppose -765389 = -5*a + 4*h, 2*a - 327262 = 4*h - 21104. Is a a prime number?
True
Let s(k) = k**2 + 3*k - 7. Let x be s(3). Let q(j) = j**3 - 11*j**2 - 2*j + 26. Let z be q(x). Is ((-3)/3)/(z/12) + 634 prime?
True
Let x be 0 + (3 - 6) + (-1274)/(-7). Suppose 3*q = 2*d - 4*d + x, -4*q = -2*d + 186. Is d prime?
False
Let l = -61 + 51. Let z be 1604/(-16)*(2 + l). Let i = 2015 - z. Is i a composite number?
False
Let m be ((-12)/(-11))/((-28)/(-154)). Is 4341 + (2 - 8) + m prime?
False
Let a be 2/2*3/(9/6). Suppose 3*q + 26 = p - a*q, q = -2*p - 3. Is 549 - (3 - (6 + p)) a composite number?
True
Suppose -63*t + 478751 = 107*t - 14446059. Is t a composite number?
False
Let a = -715 + 1059. Suppose 13026 = -a*l + 350*l. Is l composite?
True
Let d(i) = -i**2 - i - 25. Let m be d(0). Let g(k) = -2*k - 30. Let u be g(m). Suppose 4*p - u = -0, 2*p - 1445 = -5*o. Is o prime?
False
Suppose 454 + 68 = 3*c. Let n = 11 + c. Is n composite?
True
Let c(j) = -j**3 + j + 4279. Let q be c(0). Let r = -9204 + q. Is 12/(-21) - r/7 a prime number?
False
Suppose 336*k + 225*k = 45*k + 7330296. Is k composite?
True
Let d(o) = 2*o**3 + 2*o**2 + 5*o + 10. Let w = -42 - 53. Let g = 100 + w. Is d(g) a composite number?
True
Let f(x) = 934*x - 1385. Is f(31) a composite number?
True
Let q(s) = -220*s**2 - 6*s + 8. Let g(a) = -a**2 + a - 1. Let l(h) = -12*g(h) - 2*q(h). Let o be l(3). Let i = o - 2077. Is i composite?
False
Let n be (24/10)/(((-78)/20)/(-13)). Let h = -9 + n. Is h/(4/(-8)) + 851 prime?
True
Suppose -o + 3*o = -5*l, 0 = -4*l - 3*o. Suppose l = -2*q + 5*i + 16, i + 12 = 4*q - 4*i. Is 1/(q/1838)*(14 - 15) prime?
True
Suppose -6 + 18 = 4*d. Suppose -5*n - d*x + 8486 = -3498, 0 = 2*n + 5*x - 4805. Is n prime?
False
Suppose p = n - 3*p - 166107, -5*n - 2*p = -830425. Is n a composite number?
True
Let r = 5 - 8. Let w be -6 - -10 - (-1 - r). Suppose w*z = 263 + 255. Is z a prime number?
False
Let s(b) = -23*b**2 - 2*b + 1. Let t(l) = -2*l + 7. Let u be t(3). Let n be s(u). Is 6/16 - 51663/n composite?
False
Suppose 5*h - 51 + 6 = -5*d, 0 = 3*h + d - 17. Let f(i) = 143*i**3 + 3*i**2 - 5*i + 26. Is f(h) a composite number?
True
Let a(q) = q**3 - q**2 - q. Let l be a(0). Let b be 1 + l - ((1 - -1) + -3). Suppose -u + 2*c + 931 = b*u, 5*c = -4*u + 1203. Is u a prime number?
True
Is (0 - (-4 - 20)) + 426107 composite?
False
Suppose -6*s + 2*s = -24. Suppose -s*m + 52 = -14. Suppose 2*j - m + 3 = 0, -j + 2736 = 4*o. Is o composite?
False
Let v be 4 - (4 + -1) - 256. Let o = v - -676. Suppose 3*t - 5*y - o = 206, -3*t = 5*y - 627. Is t prime?
False
Let b be -3*1*((-216937)/21 - 6). Suppose 17*i - 6*i = b. Is i prime?
True
Suppose 24 = 2*t + 4*j, t - 3*t + 3*j - 11 = 0. Let z = 514 - 157. Suppose -2*v + z = -3*p - 53, 406 = t*v - 4*p. Is v a prime number?
True
Let t(y) = 430*y**3 + y**2 - 52*y + 156. Is t(5) prime?
False
Let v = 6993 - -5588. Is v prime?
False
Suppose p + u - 135763 = 0, 5*p = -3*u + 679646 - 823. Is p a composite number?
True
Let l be 15*(-2 + -1 + -3). Let x = 547 + l. Suppose -2*k = 2*i - 224, -4*i + x = -0*i - 5*k. Is i a prime number?
True
Let o(m) = 105*m - 1. Let d be o(1). Let f(g) = -37 + 3*g - 2*g + d. Is f(0) prime?
True
Suppose v = 18*c - 14*c + 245581, 0 = -5*v - 2*c + 1227839. Is v prime?
False
Suppose -j - j + 660 = 